255*s**2 + 49*s - 303. Give v(1).
-31
Let y(z) = 114164*z - 228327. Determine y(2).
1
Let s(p) = 93*p**2 - 66*p + 175. Determine s(3).
814
Let s(m) = 5*m**3 + 15*m**2 - 45*m - 352. What is s(-6)?
-622
Let p(q) = 152*q + 41081. Calculate p(-272).
-263
Let b(u) = -28*u**2 - 5659*u + 16997. Give b(3).
-232
Let n(x) = 5466*x + 1180646. What is n(-216)?
-10
Let o(g) = -11*g**3 - 9*g**2 - 7*g - 97. What is o(8)?
-6361
Let g(q) = -92269*q - 276782. What is g(-3)?
25
Let t(i) = -3*i**2 - 65*i - 352. Give t(-9).
-10
Let l(b) = 444520*b - 136. Give l(0).
-136
Let x(z) = 8653*z + 2327651. Calculate x(-269).
-6
Let y(b) = 103*b**3 + 62*b**2 - 843*b - 904. What is y(-1)?
-102
Let y(j) = -j**3 + 134*j**2 + 245*j + 3470. Determine y(136).
-202
Let b(t) = -t**2 + 1050*t + 257424. What is b(-205)?
149
Let y(w) = 175*w - 801. What is y(5)?
74
Let c(n) = n**3 + n**2 - 81770*n - 163536. What is c(-2)?
0
Let z(c) = -2*c**3 + 342*c**2 - 11*c + 539. Calculate z(171).
-1342
Let k(m) = 46*m - 117. Calculate k(19).
757
Let a(x) = 7*x**2 - 314*x - 1213. Calculate a(60).
5147
Let f(l) = -359*l**2 - 2604*l - 629. Give f(-7).
8
Let z(u) = 2*u**2 + 500*u + 22376. What is z(-51)?
2078
Let t(i) = -341159*i + 2729261. Calculate t(8).
-11
Let d(l) = -2923*l + 70118. What is d(24)?
-34
Let t(k) = -2*k**2 - 107208*k + 214414. Give t(2).
-10
Let l(y) = 8*y**2 + 5764*y - 127621. Give l(-742).
3
Let v(p) = 2*p**3 + 45*p**2 + 8*p + 1905. What is v(-24)?
-15
Let k(y) = y**2 - 95*y - 1228724. Calculate k(1157).
10
Let h(q) = 2442*q + 111. What is h(0)?
111
Let d(l) = -7998*l - 22061. Calculate d(-3).
1933
Let v(a) = 68084*a + 2519115. Give v(-37).
7
Let p(k) = 366*k - 20749. Determine p(56).
-253
Let i(f) = -327*f + 4902. Give i(15).
-3
Let o(b) = 2*b**3 + 62*b**2 + 222*b + 3252. Determine o(-29).
178
Let b(h) = -3*h**2 - 273*h - 1583. Determine b(-6).
-53
Let h(g) = 112303*g - 2246065. Calculate h(20).
-5
Let n(u) = -u**2 + 245*u + 331324. Give n(711).
-2
Let v(m) = m**3 - 15*m**2 - 198*m + 2912. Determine v(16).
0
Let v(p) = -26*p**3 - 1125*p**2 - 339*p - 1645. Calculate v(-43).
-11
Let j(r) = 362788*r + 3628008. Calculate j(-10).
128
Let i(f) = -2*f**3 - 17*f**2 - 103*f - 1138. What is i(-9)?
-130
Let f(s) = 112*s**2 + 246*s - 1792. Calculate f(7).
5418
Let s(w) = -79*w**3 - 2*w**2 - 3*w. Give s(3).
-2160
Let q(l) = 3*l**3 - 56*l**2 - 222*l + 3866. Calculate q(19).
9
Let i(w) = -2*w**2 - 2136*w - 447348. Calculate i(-782).
-44
Let z(a) = -2676*a + 82957. Determine z(31).
1
Let p(x) = x**3 - 50*x**2 - 1670*x - 649. Give p(73).
8
Let w(g) = 35579*g + 3451158. Give w(-97).
-5
Let l(b) = 7*b**2 + 400*b - 1689. Calculate l(4).
23
Let p(m) = -m**3 - 15*m**2 + 146*m + 35. Calculate p(-22).
211
Let a(q) = -11*q**3 - 59*q**2 - 23*q + 173. Calculate a(5).
-2792
Let k(r) = -11*r**3 + 278*r**2 - 336*r + 55. Determine k(24).
55
Let c(n) = 36223*n - 3586086. Give c(99).
-9
Let m(f) = 75*f - 302. Calculate m(4).
-2
Let c(q) = -3985*q - 147457. Give c(-37).
-12
Let k(n) = 13*n**3 - 9089*n**2 + 1390*n + 5571. Give k(699).
-21
Let c(y) = 2*y**3 - 11*y**2 + 30940*y - 500412. Give c(16).
4
Let m(u) = -5*u**2 + 79*u - 101. Give m(15).
-41
Let w(i) = i**2 - 400*i + 10075. Determine w(27).
4
Let m(w) = 4924*w**2 + 891*w. Calculate m(-1).
4033
Let b(y) = 68*y**2 - 94*y + 14. What is b(2)?
98
Let n(i) = 3*i**3 + 11*i**2 - 1266*i - 519. Give n(19).
-25
Let z(n) = 16609*n - 33176. What is z(2)?
42
Let f(j) = -j**2 + 1620*j - 20917. Give f(13).
-26
Let u(l) = -25*l**2 - 3*l + 1. Give u(1).
-27
Let x(g) = -243*g + 13744. Give x(72).
-3752
Let d(s) = 3*s**2 + 507*s - 4814. Determine d(9).
-8
Let t(q) = -3584*q - 32268. Determine t(-9).
-12
Let h(v) = -v**2 + 44242*v - 796035. What is h(18)?
-3
Let y(h) = h**3 + 730*h**2 - 5436*h - 3968286. What is y(-730)?
-6
Let o(a) = -a**3 - 310*a**2 + 1002*a + 19767. Determine o(-313).
48
Let d(a) = -143*a + 23847. Determine d(168).
-177
Let y(v) = -655*v**3 + 665*v**2 + v. Give y(1).
11
Let k(d) = d**3 + 2275*d**2 + 6816*d - 8. Calculate k(-3).
-8
Let z(o) = -o**2 - o - 226. Give z(-8).
-282
Let f(t) = -25851*t + 206820. Give f(8).
12
Let s(y) = y**3 + 51*y**2 + 2306*y + 122688. What is s(-52)?
72
Let c(y) = -825*y**2 - 37*y + 71. Give c(2).
-3303
Let v(c) = 2044*c**3 - 8*c**2 + 4*c + 7. Give v(-1).
-2049
Let m(v) = -838540*v - 6708314. Determine m(-8).
6
Let d(h) = -7*h**3 + 138*h**2 + 6*h - 6. Calculate d(8).
5290
Let i(t) = 1531*t**2 - 109*t - 109. Determine i(-1).
1531
Let f(b) = 1687*b + 22659. What is f(-12)?
2415
Let y(j) = -1370*j + 18952. Calculate y(14).
-228
Let v(p) = -4*p**3 - 203*p**2 + 108*p + 2740. Give v(-51).
-167
Let t(h) = 20*h**3 - 35*h**2 + 31*h + 85. Determine t(2).
167
Let x(d) = -18*d**2 + 334*d + 6849. What is x(31)?
-95
Let m(v) = -21*v**2 + 4297*v - 12895. What is m(3)?
-193
Let p(s) = -1648*s + 238968. Determine p(145).
8
Let k(n) = 2*n**2 - 4329*n - 34755. Determine k(-8).
5
Let q(d) = 2*d**3 - 107*d**2 - 280*d - 436. What is q(56)?
-436
Let f(q) = 2273*q**2 + 11355*q + 2. Calculate f(-5).
52
Let b(x) = -9*x**3 + 1350*x**2 + 16*x - 2326. Give b(150).
74
Let f(b) = b**3 + 341*b**2 - 1106*b - 25456. Determine f(-344).
0
Let f(d) = 4942*d + 200306. What is f(-40)?
2626
Let v(p) = -34*p**2 + 6808*p - 1521. Calculate v(200).
79
Let q(p) = 6346*p + 50495. Determine q(-8).
-273
Let q(n) = -3501*n + 220565. What is q(63)?
2
Let j(c) = -2*c**2 - 46*c + 41549. What is j(-156)?
53
Let f(t) = t**3 + 49*t**2 - 732*t - 32127. Determine f(-51).
3
Let i(k) = 4*k**2 + 56*k - 172. Give i(-13).
-224
Let h(c) = -130*c + 5661. Give h(44).
-59
Let d(h) = 4*h**2 + 73*h + 345. Determine d(-17).
260
Let r(i) = -59*i + 4464. Give r(77).
-79
Let k(b) = -3*b**3 - 779*b**2 + 258*b - 525. Determine k(-260).
-5
Let w(j) = -3686*j + 29490. What is w(8)?
2
Let a(y) = -2*y**3 - 96*y**2 - 186*y - 192. Determine a(-46).
-100
Let m(s) = -42*s + 43. What is m(0)?
43
Let r(z) = -z**3 - 165*z**2 - 270*z + 9187. Determine r(-163).
59
Let j(s) = -272*s**2 + 810*s + 28. Determine j(3).
10
Let w(a) = -2*a**3 - 30*a**2 - 10366*a - 144723. Determine w(-14).
9
Let d(w) = 655*w + 18797. Calculate d(-30).
-853
Let n(m) = 94*m - 42853. Calculate n(456).
11
Let f(u) = 2*u**3 + 19*u**2 - 98*u - 1461. What is f(-12)?
-1005
Let z(s) = -s**3 - 275*s**2 - 15486*s - 401. What is z(-196)?
-9
Let u(j) = -99*j**2 + 873*j + 911. Calculate u(-1).
-61
Let k(r) = -r**3 - 182*r**2 + 2844*r + 660041. Determine k(-177).
8
Let s(l) = 2*l**3 + 100*l**2 + 737*l - 2123. Determine s(-12).
-23
Let s(d) = 2*d**2 + 1258*d + 162156. What is s(-181)?
-20
Let k(g) = -g**3 + 390*g**2 + 441*g - 19536. Give k(391).
14
Let m(p) = 6641*p - 145483. Give m(22).
619
Let n(z) = z**3 - 639*z**2 + 13583*z - 112. Determine n(22).
86
Let a(m) = 602*m + 11291. Calculate a(-21).
-1351
Let j(g) = -3*g**3 + 5*g**2 + 40*g + 1. Give j(4).
49
Let l(n) = 15*n**2 + 273*n - 1206. Calculate l(-22).
48
Let f(c) = c**3 - 44*c**2 + 85*c - 1849. Give f(43).
-43
Let n(i) = 66*i**2 + 4362*i + 387. Give n(-66).
-9
Let j(b) = 18256*b + 109544. Give j(-6).
8
Let b(f) = -14*f**2 - 713*f + 30. Give b(-52).
-750
Let b(j) = 58994*j - 649884. Determine b(11).
-950
Let b(o) = -7*o**2 - 38*o + 4783. Determine b(-29).
-2
Let j(g) = 4*g**3 + 52*g**2 - 228*g - 3022. Give j(-13).
-58
Let c(v) = -v**3 - 14*v**2 + 8598*v + 103438. Determine c(-12).
-26
Let k(n) = n**3 - 37*n**2 + 324*n - 12223. What is k(37)?
-235
Let l(k) = 8*k**2 - 2120*k + 2396. Calculate l(262).
-3892
Let b(k) = 6*k**3 - 156*k**2 - 158*k - 118. What is b(27)?
-10
Let i(g) = -51196*g + 1996639. Determine i(39).
-5
Let y(x) = 53*x**3 + 1216*x**2 - 133*x - 1478. Determine y(-23).
-6
Let y(j) = -j**3 + 28*j**2 - 69*j - 77. Determine y(17).
1929
Let r(l) = 2*l**3 - 79*l**2 + 86*l + 120. Give r(38).
-944
Let p(w) = 3*w**2 + 212*w + 2824. Calculate p(-53).
15
Let u(l) = 751*l**2 + 6631*l + 67. Give u(-9).
1219
Let g(o) = -o**2 + 1594*o + 45484. Determine g(-28).
68
Let k(m) = 2*m**3 - 330*m**2 + 2811*m - 43. Determine k(9).
-16
Let o(b) = 7*b**2 - 435*b + 6432. What is o(38)?
10
Let n(g) = 2213*g - 10291. Calculate n(5).
774
Let v(x) = -2*x**2 + 40*x + 91. What is v(38)?
-1277
Let i(y) = 48908*y**2 + 782553*y + 396. Calculate i(-16).
-4
Let x(y) = 79*y**2 - 124*y - 140. What is x(-2)?
424
Let w(l)